mainder when (4/(-6))/((-4)/1902) is divided by y?
71
Suppose 0 = 807*t - 844*t + 888. What is the remainder when 434 is divided by t?
2
Suppose 0 = l - 5*h - 898, -3668 = 10*l - 14*l + h. Calculate the remainder when l is divided by 10.
8
Let a be (-1)/(3/(-12)*2). Suppose -2*g = -4*d + 2*d, -5*g = -a*d - 9. What is the remainder when 23 is divided by -3*(-3 - (-5)/d)?
3
Let c = -50 - -70. What is the remainder when c is divided by -6 - (-20)/8*-2*(-2314)/445?
0
Let x be (-1)/1*(1 + -27). Suppose -2*h = x - 126. What is the remainder when h is divided by ((-170)/(-15))/((-2)/(-3))?
16
Suppose -d + 101 = -639*j + 638*j, 2*j - 273 = -3*d. What is the remainder when 1512 is divided by d?
87
Suppose -94*r - 23*r + 1287 + 234 = 0. Let y = 35 - 14. Calculate the remainder when y is divided by r.
8
Let u = 9624 - 9577. What is the remainder when 132 is divided by u?
38
Let m = -53619 - -53643. Suppose 206 - 32 = 2*c. Calculate the remainder when c is divided by m.
15
Let u(x) = -x**2 - 7*x + 21. Let d be u(-9). Calculate the remainder when -104*1*(21/(-14))/d is divided by 15.
7
Suppose -y - 230 = 3*k, -5*y - 2*k - 3*k - 1110 = 0. Let t = y + 230. Calculate the remainder when t is divided by 3.
0
Suppose -40*c - 3107 = -16087 - 12820. What is the remainder when c is divided by 162?
159
Let v(t) be the first derivative of -t**3 + 11*t**2/2 - 8*t + 20. Let w be v(-4). Let m = w - -148. Calculate the remainder when m is divided by 17.
14
Suppose 5*h = -1674 + 1779. Suppose -4 = -5*l + 11. Calculate the remainder when h is divided by l.
0
Let d = 8015 + -8010. Suppose -5*h = -137 - 53. Calculate the remainder when h is divided by d.
3
Let k(a) = a**2 + 27*a + 185. What is the remainder when 2273 is divided by k(-8)?
29
Let y be 19986/(24/8) + 0 + 6. Suppose 260 - y = -8*k. What is the remainder when k is divided by 67?
64
Let o be (-1043)/(-6) + 7/42. Let t = -93 + o. Let j = 93 - t. Calculate the remainder when 81 is divided by j.
9
Let q(a) = a**3 + 21*a**2 - 11*a - 17. Calculate the remainder when q(-10) is divided by 148.
9
Suppose 0 = 64*w - 3544 - 808. Calculate the remainder when w is divided by 56/6*(-3)/(-2).
12
Let n = -379 - -395. Suppose 11 = 4*l + j - 4, 4*l + 4*j - 12 = 0. Suppose d + l*f = f - 6, 5*f = -2*d - 9. Calculate the remainder when n is divided by d.
1
Let u(v) = 9*v**2 + 2. Let s be u(-3). Let c = -31 + s. Suppose 75 = -47*y + c*y. Calculate the remainder when 73 is divided by y.
13
Suppose 478 = 2*q - 2. Let k(p) = 4*p + 51. Let r be k(-10). Suppose s = r*s - q. Calculate the remainder when 94 is divided by s.
22
Suppose -14*z + 205 = -593. Suppose -3*b - 2*g = -z, 3*b - g + 71 = 7*b. Calculate the remainder when b is divided by 9.
8
Suppose -4*t + 666 + 734 = 0. Calculate the remainder when t is divided by 128.
94
Calculate the remainder when 804 is divided by 6/21 - (-1 + (-1700)/28).
60
Let h = 222 + -138. What is the remainder when h is divided by (-58 + 57)/(2/(-34))?
16
What is the remainder when 940 is divided by (1 - 174/24*-4)/(2/3)?
40
Let l(h) = h**2 + 588*h + 8636. Let z = 38 - 26. Calculate the remainder when l(-15) is divided by z.
5
Suppose 9*t - 62 = 154. Calculate the remainder when 255 is divided by (t/(-15))/(5/(-200)).
63
Suppose 0 = -4*p - 16, 0*j = -2*j - p + 8. Let y(q) = -23*q + 150. What is the remainder when 126 is divided by y(j)?
6
Let i(y) = -y + 3. Let a = -5572 - -5730. Calculate the remainder when a is divided by i(-5).
6
Let q(s) = s**3 - 12*s**2 - 2*s + 266. Suppose 0 = -5*z - 0*z + 55. What is the remainder when z is divided by q(7)?
4
Suppose 15*r - 830 - 3175 = 0. What is the remainder when r is divided by 74?
45
Suppose -g - 319 = -2*n, n = 26*g - 22*g + 1276. Let m = -289 - g. Calculate the remainder when 477 is divided by m.
27
Let z(x) = x**2 + 41. Let n(b) = -2*b**2 + 10*b + 61. Let g be n(-10). Let h = -236 - g. What is the remainder when z(0) is divided by h?
2
Let m(z) = -5*z**2 + 50*z - 10. Suppose -3*s = t - 2*t - 73, -31 = -s - t. What is the remainder when m(9) is divided by s?
9
Suppose -129*i + 124*i = -50. Let y = 44 + -14. Let q = y + i. Calculate the remainder when q is divided by 11.
7
Suppose q + 1 = -4*a, -3*q + 21 = 28*a - 24*a. Let l(z) = z**2 - 15*z + 195. What is the remainder when l(q) is divided by 52?
47
Let o(j) = 16*j + 607. What is the remainder when o(-35) is divided by 3?
2
Let s = 3473 + -3354. What is the remainder when s is divided by 61?
58
Let l(j) = -38*j + 3513. What is the remainder when 505 is divided by l(92)?
12
Let t = 1589 + -1500. Calculate the remainder when 884 is divided by t.
83
Suppose -139*n - 1328 = -4942. What is the remainder when (-77)/(2*(-1)/4) is divided by n?
24
Let j = -339 - -457. Suppose -18 = 10*p - j. What is the remainder when p is divided by 2?
0
Let s(k) = 64*k - 179. Suppose 2*c - 7*c + 226 = 2*p, -p = -c + 48. What is the remainder when c is divided by s(3)?
7
Suppose 4*b - 461 = -17. Let q = -41495 - -41514. Calculate the remainder when b is divided by q.
16
Suppose -2*s + 251 = -1. Let k be (-12 - (-169)/13)/(2/130). Let q = s - k. Calculate the remainder when q is divided by 17.
10
Suppose 0 = 11*c - 9*c - 8, -t + 76 = -2*c. What is the remainder when 611 is divided by t?
23
Let u = 127 + -107. Suppose -u*k + 248 = -32. What is the remainder when 34 is divided by k?
6
Suppose 6*b - 2*b = -24, 4*a + 10*b = 548. What is the remainder when a is divided by 4 - 5 - -23*1?
20
Let n(h) = -h**3 + 26*h**2 + 31*h - 340. Calculate the remainder when n(11) is divided by 65.
61
Suppose 96*s - 179*s - 8613 = -112*s. What is the remainder when s is divided by 100?
97
Suppose 8*g = -10805 + 11589. Calculate the remainder when 270 is divided by g.
74
Let r = 276 + -276. Suppose 4*z = -r*m - 3*m + 164, -4*m = -z - 187. Calculate the remainder when m is divided by 21.
6
Let s(q) = q**3 - 17*q**2 + 17*q - 14. Let o be s(16). Suppose -w - t = -6, -5*t + 0 + 16 = -o*w. What is the remainder when 20 is divided by w?
0
Suppose 0*o + 4*o = -36. Let y(g) = 30*g**2 - 22 + 3*g + 24*g**2 - 53*g**2. What is the remainder when 159 is divided by y(o)?
31
Let r(x) be the third derivative of 2*x**5/15 + 2*x**4/3 + 3*x**3/2 - 296*x**2. Suppose 0 = 5*a - 3*a + 10. Calculate the remainder when r(a) is divided by 13.
12
Suppose 23027 - 61051 = -28*k. What is the remainder when k is divided by 40?
38
Let m(c) = -4*c - 30. Let y be m(-4). Let s be (26/(-4) + 5)*y. What is the remainder when 2 is divided by (-4 - s/(-5))*5?
0
Suppose -5184 = -3*t - 33*t. Calculate the remainder when 546 is divided by t.
114
Let h = 25266 + -24811. Calculate the remainder when 1552 is divided by h.
187
Let h = -301 - -527. What is the remainder when h is divided by (-260)/(-10) - ((23 - 15) + -1)?
17
Suppose -10110 = -o - 4*p, -45000 + 4545 = -4*o - p. What is the remainder when o is divided by 17?
16
Let i = 2 - -10. Suppose 5*w - 2*v - 44 = 0, -2*w - 36 = -6*w + 2*v. What is the remainder when (((-38)/4)/1)/((-4)/w) is divided by i?
7
Suppose 5*x + r + 0*r = 147, x - 19 = 5*r. Suppose 0 = -5*c - f + 904, 0*c = 4*c - f - 716. What is the remainder when x is divided by (c/35)/6*7?
5
Suppose -660 = -15*v + 95*v + 85*v. Let z(t) = t + 2. Let x(m) = -2*m - 6. Let j(b) = -4*x(b) - 14*z(b). Calculate the remainder when 39 is divided by j(v).
19
Suppose 4*p - 2144 = -4*f, -75*p + 77*p + 6*f = 1104. What is the remainder when p is divided by 35?
3
Let f(y) = -y**3 - 37*y**2 - 5*y - 21. Let r be f(-37). Let i = 310 - r. Let g(t) = t**3 - t**2 - t + 21. What is the remainder when i is divided by g(0)?
20
Suppose 29 = 2*i + u - 10, -3*i = -5*u - 39. Let w(c) = -2*c**3 + 40*c**2 - 139*c + 823. Calculate the remainder when w(17) is divided by i.
14
Suppose -52571 = 4*b + 97*b - 170438. Calculate the remainder when b is divided by 16.
15
Suppose -5*n = -8*u + 3*u + 2310, u - 437 = -4*n. Let c = u + -442. Calculate the remainder when 133 is divided by c.
13
Let i(j) be the first derivative of -j**3/3 - 11*j**2 - 35*j + 50. Calculate the remainder when i(-14) is divided by 16.
13
Suppose 480 = 2*c + 6*c. Let h = c - -31. Calculate the remainder when h is divided by 30.
1
Let r(c) = c**3 - 92*c**2 - 88*c - 458. Calculate the remainder when 1749 is divided by r(93).
6
What is the remainder